{"id":4161,"date":"2024-01-05T13:53:53","date_gmt":"2024-01-05T13:53:53","guid":{"rendered":"https:\/\/meloni.dk\/?post_type=product&#038;p=4161"},"modified":"2025-01-05T13:55:05","modified_gmt":"2025-01-05T13:55:05","slug":"indblik-og-udsyn-5-klasse-klassesaet-30-elevboeger-og-laererens-haandbog","status":"publish","type":"product","link":"https:\/\/meloni.dk\/index.php\/product\/indblik-og-udsyn-5-klasse-klassesaet-30-elevboeger-og-laererens-haandbog\/","title":{"rendered":"Indblik og udsyn &#8211; 5. klasse &#8211; Klasses\u00e6t &#8211; 30 elevb\u00f8ger og L\u00e6rerens h\u00e5ndbog"},"content":{"rendered":"<div class=\"page\" title=\"Page 1\">\n<div class=\"section\">\n<div class=\"layoutArea\">\n<div class=\"column\">\n<p>I denne bog kan du l\u00e6se om, hvordan man levede og boede for mange a\u030ar siden. Hvorna\u030ar faldt Danmarks flag ned fra himlen?<br \/>\nHvorfor en dansk konge blev s\u00f8r\u00f8ver?<br \/>\nHvem var dronning Margrete den 1.?<\/p>\n<p>Er det rigtigt, at der engang var borgerkrig i Danmark?<br \/>\nAlt dette, og meget mere, ved du, na\u030ar du har l\u00e6st denne bog.<\/p>\n<p>Indhold i historie for 5. klasse: Middelalder \u2022 Ren\u00e6ssance<\/p>\n<\/div>\n<\/div>\n<\/div>\n<\/div>\n","protected":false},"excerpt":{"rendered":"<p>Emner i 5. klasse: Middelalder og Ren\u00e6ssance. Elevbogen er opbygget opslagsm\u00e6ssigt og med v\u00e6gten lagt p\u00e5 en kronologisk gennemgang af emnerne Der er lagt v\u00e6gt p\u00e5, at alle eleverne skal have, ikke blot en tekstm\u00e6ssig oplevelse, men ogs\u00e5 en visuel. Opslagene kan l\u00e6ses hver for sig, men opbygningen af bogen sikrer, at eleverne f\u00e5r en forst\u00e5else for historiens udvikling og sammenh\u00e6ngsforst\u00e5else.<\/p>\n","protected":false},"featured_media":3928,"template":"","meta":[],"product_brand":[],"product_cat":[480,93],"product_tag":[],"class_list":{"0":"post-4161","1":"product","2":"type-product","3":"status-publish","4":"has-post-thumbnail","6":"product_cat-historieklassesaet","7":"product_cat-indblik-og-udsyn","9":"first","10":"instock","11":"taxable","12":"shipping-taxable","13":"purchasable","14":"product-type-simple"},"_links":{"self":[{"href":"https:\/\/meloni.dk\/index.php\/wp-json\/wp\/v2\/product\/4161","targetHints":{"allow":["GET"]}}],"collection":[{"href":"https:\/\/meloni.dk\/index.php\/wp-json\/wp\/v2\/product"}],"about":[{"href":"https:\/\/meloni.dk\/index.php\/wp-json\/wp\/v2\/types\/product"}],"wp:featuredmedia":[{"embeddable":true,"href":"https:\/\/meloni.dk\/index.php\/wp-json\/wp\/v2\/media\/3928"}],"wp:attachment":[{"href":"https:\/\/meloni.dk\/index.php\/wp-json\/wp\/v2\/media?parent=4161"}],"wp:term":[{"taxonomy":"product_brand","embeddable":true,"href":"https:\/\/meloni.dk\/index.php\/wp-json\/wp\/v2\/product_brand?post=4161"},{"taxonomy":"product_cat","embeddable":true,"href":"https:\/\/meloni.dk\/index.php\/wp-json\/wp\/v2\/product_cat?post=4161"},{"taxonomy":"product_tag","embeddable":true,"href":"https:\/\/meloni.dk\/index.php\/wp-json\/wp\/v2\/product_tag?post=4161"}],"curies":[{"name":"wp","href":"https:\/\/api.w.org\/{rel}","templated":true}]}}