{"id":4099,"date":"2024-12-18T13:03:56","date_gmt":"2024-12-18T13:03:56","guid":{"rendered":"https:\/\/meloni.dk\/?post_type=product&#038;p=4099"},"modified":"2024-12-18T13:03:56","modified_gmt":"2024-12-18T13:03:56","slug":"verdens-bedste-fodboldspillere-gennem-tiden","status":"publish","type":"product","link":"https:\/\/meloni.dk\/index.php\/product\/verdens-bedste-fodboldspillere-gennem-tiden\/","title":{"rendered":"Verdens bedste fodboldspillere gennem tiden"},"content":{"rendered":"<p>Hvem er verdens bedste fodboldspiller gennem tiden? Denne bog giver sit bud p\u00e5 nogle af de spillere, der har v\u00e6ret med til at pr\u00e6ge fodbolden gennem tiden, og dermed kunne kalde sig en af verdens bedste fodboldspillere.<\/p>\n","protected":false},"excerpt":{"rendered":"<p>Hvem er verdens bedste fodboldspiller gennem tiden? Denne bog giver sit bud p\u00e5 nogle af de spillere, der har v\u00e6ret med til at pr\u00e6ge fodbolden gennem tiden, og dermed kunne kalde sig en af verdens bedste fodboldspillere.<\/p>\n","protected":false},"featured_media":4100,"template":"","meta":[],"product_brand":[],"product_cat":[25],"product_tag":[],"class_list":{"0":"post-4099","1":"product","2":"type-product","3":"status-publish","4":"has-post-thumbnail","6":"product_cat-faglig-laesning","8":"first","9":"instock","10":"taxable","11":"shipping-taxable","12":"purchasable","13":"product-type-simple"},"_links":{"self":[{"href":"https:\/\/meloni.dk\/index.php\/wp-json\/wp\/v2\/product\/4099","targetHints":{"allow":["GET"]}}],"collection":[{"href":"https:\/\/meloni.dk\/index.php\/wp-json\/wp\/v2\/product"}],"about":[{"href":"https:\/\/meloni.dk\/index.php\/wp-json\/wp\/v2\/types\/product"}],"wp:featuredmedia":[{"embeddable":true,"href":"https:\/\/meloni.dk\/index.php\/wp-json\/wp\/v2\/media\/4100"}],"wp:attachment":[{"href":"https:\/\/meloni.dk\/index.php\/wp-json\/wp\/v2\/media?parent=4099"}],"wp:term":[{"taxonomy":"product_brand","embeddable":true,"href":"https:\/\/meloni.dk\/index.php\/wp-json\/wp\/v2\/product_brand?post=4099"},{"taxonomy":"product_cat","embeddable":true,"href":"https:\/\/meloni.dk\/index.php\/wp-json\/wp\/v2\/product_cat?post=4099"},{"taxonomy":"product_tag","embeddable":true,"href":"https:\/\/meloni.dk\/index.php\/wp-json\/wp\/v2\/product_tag?post=4099"}],"curies":[{"name":"wp","href":"https:\/\/api.w.org\/{rel}","templated":true}]}}