{"id":4095,"date":"2024-12-18T12:53:22","date_gmt":"2024-12-18T12:53:22","guid":{"rendered":"https:\/\/meloni.dk\/?post_type=product&#038;p=4095"},"modified":"2024-12-18T12:53:22","modified_gmt":"2024-12-18T12:53:22","slug":"ikoniske-flyvemaskiner","status":"publish","type":"product","link":"https:\/\/meloni.dk\/index.php\/product\/ikoniske-flyvemaskiner\/","title":{"rendered":"Ikoniske flyvemaskiner"},"content":{"rendered":"<p>M\u00e5ske har du nogle gange st\u00e5et og kigget p\u00e5 fuglene og t\u00e6nkt: &#8220;Bare det var mig, der kunne flyve&#8221;. Det er du ikke den f\u00f8rste, der har gjort. Mennesket har gjort talrige fors\u00f8g p\u00e5 at g\u00f8re fuglene kunsten efter.<\/p>\n<div>I denne bog kan du l\u00e6se om den f\u00f8rste flyvning og ikke mindst udviklingen af flyvemaskinen, s\u00e5 det i dag er helt normalt at flyve rundt omkring i hele verden.<\/div>\n","protected":false},"excerpt":{"rendered":"<p>M\u00e5ske har du nogle gange st\u00e5et og kigget p\u00e5 fuglene og t\u00e6nkt: &#8220;Bare det var mig, der kunne flyve&#8221;. Det er du ikke den f\u00f8rste, der har gjort. Mennesket har gjort talrige fors\u00f8g p\u00e5 at g\u00f8re fuglene kunsten efter. I denne bog kan du l\u00e6se om den f\u00f8rste flyvning og ikke mindst udviklingen af flyvemaskinen, &hellip; <\/p>\n","protected":false},"featured_media":4096,"template":"","meta":[],"product_brand":[],"product_cat":[25],"product_tag":[],"class_list":{"0":"post-4095","1":"product","2":"type-product","3":"status-publish","4":"has-post-thumbnail","6":"product_cat-faglig-laesning","8":"first","9":"instock","10":"taxable","11":"shipping-taxable","12":"purchasable","13":"product-type-simple"},"_links":{"self":[{"href":"https:\/\/meloni.dk\/index.php\/wp-json\/wp\/v2\/product\/4095","targetHints":{"allow":["GET"]}}],"collection":[{"href":"https:\/\/meloni.dk\/index.php\/wp-json\/wp\/v2\/product"}],"about":[{"href":"https:\/\/meloni.dk\/index.php\/wp-json\/wp\/v2\/types\/product"}],"wp:featuredmedia":[{"embeddable":true,"href":"https:\/\/meloni.dk\/index.php\/wp-json\/wp\/v2\/media\/4096"}],"wp:attachment":[{"href":"https:\/\/meloni.dk\/index.php\/wp-json\/wp\/v2\/media?parent=4095"}],"wp:term":[{"taxonomy":"product_brand","embeddable":true,"href":"https:\/\/meloni.dk\/index.php\/wp-json\/wp\/v2\/product_brand?post=4095"},{"taxonomy":"product_cat","embeddable":true,"href":"https:\/\/meloni.dk\/index.php\/wp-json\/wp\/v2\/product_cat?post=4095"},{"taxonomy":"product_tag","embeddable":true,"href":"https:\/\/meloni.dk\/index.php\/wp-json\/wp\/v2\/product_tag?post=4095"}],"curies":[{"name":"wp","href":"https:\/\/api.w.org\/{rel}","templated":true}]}}