{"id":3112,"date":"2023-04-17T06:16:10","date_gmt":"2023-04-17T06:16:10","guid":{"rendered":"https:\/\/meloni.dk\/?post_type=product&#038;p=3112"},"modified":"2024-12-11T10:03:59","modified_gmt":"2024-12-11T10:03:59","slug":"haandvaerk-og-design-undervisning-paa-begyndertrinnet","status":"publish","type":"product","link":"https:\/\/meloni.dk\/index.php\/product\/haandvaerk-og-design-undervisning-paa-begyndertrinnet\/","title":{"rendered":"H\u00e5ndv\u00e6rk og design \u2013 undervisning p\u00e5 begyndertrinnet"},"content":{"rendered":"<div class=\"page\" title=\"Page 1\">\n<div class=\"section\">\n<div class=\"layoutArea\">\n<div class=\"column\">\n<p>Ha\u030andv\u00e6rk og design \u2013 undervisning pa\u030a begyndertrinnet<\/p>\n<p>er henvendt til ha\u030andv\u00e6rk og designl\u00e6rere, der underviser i indskolingen, men kan ogsa\u030a bruges som faglig inspirations\u00ad bog til mellemtrinnet og i SFO\u2019en. Bogen giver inspiration til v\u00e6rkstedsundervisning, hvor de yngste elever kan udforske, eksperimentere, og v\u00e6re kreative med en legende tilgang.<\/p>\n<p>L\u00e6ringsforl\u00f8bene l\u00e6gger op til, at eleverne skaber og designer sammen. Bogen inspirerer til l\u00e6reprocesser, der udvikler elevernes praktiske erfaringer med materialer, v\u00e6rk\u00ad t\u00f8jer og redskaber, samt deres ha\u030andv\u00e6rksm\u00e6ssige kompe\u00ad tencer til at designe og fremstille produkter med \u00e6stetisk, funktionel og kommunikativ v\u00e6rdi.<\/p>\n<\/div>\n<\/div>\n<\/div>\n<\/div>\n","protected":false},"excerpt":{"rendered":"<p>Ha\u030andv\u00e6rk og design \u2013 undervisning pa\u030a begyndertrinnet er henvendt til ha\u030andv\u00e6rk og designl\u00e6rere, der underviser i indskolingen, men kan ogsa\u030a bruges som faglig inspirations\u00ad bog til mellemtrinnet og i SFO\u2019en. Bogen giver inspiration til v\u00e6rkstedsundervisning, hvor de yngste elever kan udforske, eksperimentere, og v\u00e6re kreative med en legende tilgang. L\u00e6ringsforl\u00f8bene l\u00e6gger op til, at eleverne &hellip; <\/p>\n","protected":false},"featured_media":3113,"template":"","meta":[],"product_brand":[],"product_cat":[22],"product_tag":[],"class_list":{"0":"post-3112","1":"product","2":"type-product","3":"status-publish","4":"has-post-thumbnail","6":"product_cat-haandvaerk-og-design","8":"first","9":"instock","10":"taxable","11":"shipping-taxable","12":"purchasable","13":"product-type-simple"},"_links":{"self":[{"href":"https:\/\/meloni.dk\/index.php\/wp-json\/wp\/v2\/product\/3112","targetHints":{"allow":["GET"]}}],"collection":[{"href":"https:\/\/meloni.dk\/index.php\/wp-json\/wp\/v2\/product"}],"about":[{"href":"https:\/\/meloni.dk\/index.php\/wp-json\/wp\/v2\/types\/product"}],"wp:featuredmedia":[{"embeddable":true,"href":"https:\/\/meloni.dk\/index.php\/wp-json\/wp\/v2\/media\/3113"}],"wp:attachment":[{"href":"https:\/\/meloni.dk\/index.php\/wp-json\/wp\/v2\/media?parent=3112"}],"wp:term":[{"taxonomy":"product_brand","embeddable":true,"href":"https:\/\/meloni.dk\/index.php\/wp-json\/wp\/v2\/product_brand?post=3112"},{"taxonomy":"product_cat","embeddable":true,"href":"https:\/\/meloni.dk\/index.php\/wp-json\/wp\/v2\/product_cat?post=3112"},{"taxonomy":"product_tag","embeddable":true,"href":"https:\/\/meloni.dk\/index.php\/wp-json\/wp\/v2\/product_tag?post=3112"}],"curies":[{"name":"wp","href":"https:\/\/api.w.org\/{rel}","templated":true}]}}