{"id":2733,"date":"2022-09-28T15:11:19","date_gmt":"2022-09-28T15:11:19","guid":{"rendered":"http:\/\/meloni.dk\/?post_type=product&#038;p=2733"},"modified":"2022-10-27T16:45:16","modified_gmt":"2022-10-27T16:45:16","slug":"begreb-om-idraet-1","status":"publish","type":"product","link":"https:\/\/meloni.dk\/index.php\/product\/begreb-om-idraet-1\/","title":{"rendered":"(Be)greb om Idr\u00e6t 1 &#8211; Elevbog"},"content":{"rendered":"<p>Dette materiale handler om idr\u00e6t, men det handler ikke om, hvordan du bliver bedre til at sl\u00e5 vejrm\u00f8ller, danse eller lave inder- sidespark. Nej, det handler om alt det, som idr\u00e6t ogs\u00e5 er. Idr\u00e6t er nemlig centralt for vores samfund, vores kultur og vores identitet, og det er noget, som rigtig mange mennesker til dagligt arbejder med og er optagede af. I materialet kan du l\u00e6se en masse tekster om idr\u00e6t. De handler f.eks. om tr\u00e6ningsafh\u00e6ngighed, psykisk sundhed, OL som mega- event, om tillid og sammenhold og om mediernes betydning for vores kropsidealer \u2013 og meget mere. Du bliver med andre ord introduceret til en masse begreber om idr\u00e6t, som du kan bruge til at forst\u00e5, hvad idr\u00e6t ogs\u00e5 er.<\/p>\n","protected":false},"excerpt":{"rendered":"<p>Dette materiale handler om idr\u00e6t, men det handler ikke om, hvordan du bliver bedre til at sl\u00e5 vejrm\u00f8ller, danse eller lave inder- sidespark. Nej, det handler om alt det, som idr\u00e6t ogs\u00e5 er. Idr\u00e6t er nemlig centralt for vores samfund, vores kultur og vores identitet, og det er noget, som rigtig mange mennesker til dagligt arbejder med og er optagede af. I materialet kan du l\u00e6se en masse tekster om idr\u00e6t. De handler f.eks. om tr\u00e6ningsafh\u00e6ngighed, psykisk sundhed, OL som mega- event, om tillid og sammenhold og om mediernes betydning for vores kropsidealer \u2013 og meget mere. Du bliver med andre ord introduceret til en masse begreber om idr\u00e6t, som du kan bruge til at forst\u00e5, hvad idr\u00e6t ogs\u00e5 er.<\/p>\n","protected":false},"featured_media":2779,"template":"","meta":[],"product_brand":[],"product_cat":[24],"product_tag":[],"class_list":{"0":"post-2733","1":"product","2":"type-product","3":"status-publish","4":"has-post-thumbnail","6":"product_cat-idraet","8":"first","9":"instock","10":"taxable","11":"shipping-taxable","12":"purchasable","13":"product-type-variable","14":"has-default-attributes"},"_links":{"self":[{"href":"https:\/\/meloni.dk\/index.php\/wp-json\/wp\/v2\/product\/2733","targetHints":{"allow":["GET"]}}],"collection":[{"href":"https:\/\/meloni.dk\/index.php\/wp-json\/wp\/v2\/product"}],"about":[{"href":"https:\/\/meloni.dk\/index.php\/wp-json\/wp\/v2\/types\/product"}],"wp:featuredmedia":[{"embeddable":true,"href":"https:\/\/meloni.dk\/index.php\/wp-json\/wp\/v2\/media\/2779"}],"wp:attachment":[{"href":"https:\/\/meloni.dk\/index.php\/wp-json\/wp\/v2\/media?parent=2733"}],"wp:term":[{"taxonomy":"product_brand","embeddable":true,"href":"https:\/\/meloni.dk\/index.php\/wp-json\/wp\/v2\/product_brand?post=2733"},{"taxonomy":"product_cat","embeddable":true,"href":"https:\/\/meloni.dk\/index.php\/wp-json\/wp\/v2\/product_cat?post=2733"},{"taxonomy":"product_tag","embeddable":true,"href":"https:\/\/meloni.dk\/index.php\/wp-json\/wp\/v2\/product_tag?post=2733"}],"curies":[{"name":"wp","href":"https:\/\/api.w.org\/{rel}","templated":true}]}}