{"id":2731,"date":"2022-09-28T15:00:37","date_gmt":"2022-09-28T15:00:37","guid":{"rendered":"http:\/\/meloni.dk\/?post_type=product&#038;p=2731"},"modified":"2022-12-09T08:09:10","modified_gmt":"2022-12-09T08:09:10","slug":"haandvaerk-design-klar-til-proeven","status":"publish","type":"product","link":"https:\/\/meloni.dk\/index.php\/product\/haandvaerk-design-klar-til-proeven\/","title":{"rendered":"H\u00e5ndv\u00e6rk &#038; design &#8211; Klar til pr\u00f8ven"},"content":{"rendered":"<p>En god forberedelse b\u00e5de hos l\u00e6rer og elever er en af de grund- l\u00e6ggende foruds\u00e6tninger for, at en afgangspr\u00f8ve i valgfaget h\u00e5ndv\u00e6rk og design kan v\u00e6re en l\u00e6rerig og positiv oplevelse for alle. Form\u00e5let med dette h\u00e6fte er at hj\u00e6lpe l\u00e6reren i valgfaget h\u00e5ndv\u00e6rk og design til at tilrettel\u00e6gge et godt og positivt pr\u00f8veforl\u00f8b for eleverne, der skal til den afsluttende pr\u00f8ve i valgfaget i 8. klasse. Pr\u00f8ven er en praktisk mundtlig pr\u00f8ve, som indeholder forskellige faser. I dette h\u00e6fte f\u00e5r l\u00e6reren et godt overblik over de faser, som klassen og l\u00e6reren skal igennem inden den mundtlige pr\u00f8ve. H\u00e6ftet indeholder 10 forskellige, inspirerende og rigt illustrerede pr\u00f8veopl\u00e6g, som alle har et tematisk udgangspunkt. Pr\u00f8veopl\u00e6ggene lever alle op til rammerne for pr\u00f8ven i valgfaget h\u00e5ndv\u00e6rk og design, som de er fastsat af B\u00f8rne- og Undervisningsministeriet.<\/p>\n","protected":false},"excerpt":{"rendered":"<p>En god forberedelse b\u00e5de hos l\u00e6rer og elever er en af de grund- l\u00e6ggende foruds\u00e6tninger for, at en afgangspr\u00f8ve i valgfaget h\u00e5ndv\u00e6rk og design kan v\u00e6re en l\u00e6rerig og positiv oplevelse for alle. Form\u00e5let med dette h\u00e6fte er at hj\u00e6lpe l\u00e6reren i valgfaget h\u00e5ndv\u00e6rk og design til at tilrettel\u00e6gge et godt og positivt pr\u00f8veforl\u00f8b for &hellip; <\/p>\n","protected":false},"featured_media":2881,"template":"","meta":[],"product_brand":[],"product_cat":[22],"product_tag":[],"class_list":{"0":"post-2731","1":"product","2":"type-product","3":"status-publish","4":"has-post-thumbnail","6":"product_cat-haandvaerk-og-design","8":"first","9":"instock","10":"taxable","11":"shipping-taxable","12":"purchasable","13":"product-type-simple"},"_links":{"self":[{"href":"https:\/\/meloni.dk\/index.php\/wp-json\/wp\/v2\/product\/2731","targetHints":{"allow":["GET"]}}],"collection":[{"href":"https:\/\/meloni.dk\/index.php\/wp-json\/wp\/v2\/product"}],"about":[{"href":"https:\/\/meloni.dk\/index.php\/wp-json\/wp\/v2\/types\/product"}],"wp:featuredmedia":[{"embeddable":true,"href":"https:\/\/meloni.dk\/index.php\/wp-json\/wp\/v2\/media\/2881"}],"wp:attachment":[{"href":"https:\/\/meloni.dk\/index.php\/wp-json\/wp\/v2\/media?parent=2731"}],"wp:term":[{"taxonomy":"product_brand","embeddable":true,"href":"https:\/\/meloni.dk\/index.php\/wp-json\/wp\/v2\/product_brand?post=2731"},{"taxonomy":"product_cat","embeddable":true,"href":"https:\/\/meloni.dk\/index.php\/wp-json\/wp\/v2\/product_cat?post=2731"},{"taxonomy":"product_tag","embeddable":true,"href":"https:\/\/meloni.dk\/index.php\/wp-json\/wp\/v2\/product_tag?post=2731"}],"curies":[{"name":"wp","href":"https:\/\/api.w.org\/{rel}","templated":true}]}}