{"id":2708,"date":"2022-09-28T10:47:46","date_gmt":"2022-09-28T10:47:46","guid":{"rendered":"http:\/\/meloni.dk\/index.php\/product\/kaere-morfar\/"},"modified":"2024-11-25T12:58:30","modified_gmt":"2024-11-25T12:58:30","slug":"kaere-morfar","status":"publish","type":"product","link":"https:\/\/meloni.dk\/index.php\/product\/kaere-morfar\/","title":{"rendered":"K\u00e6re Morfar"},"content":{"rendered":"<p>K\u00e6re Morfar er en fort\u00e6lling om en pige, der bestemmer sig for at bes\u00f8ge sin afd\u00f8de morfar, selvom de fleste voksne nok vil synes, at den rejse er umulig.<br \/>\nDet er ogs\u00e5 en bog om at savne og m\u00e5ske om, at der ikke beh\u00f8ver at v\u00e6re s\u00e5 stor forskel p\u00e5 fantasi og virkelighed.<\/p>\n","protected":false},"excerpt":{"rendered":"<p>K\u00e6re Morfar er en fort\u00e6lling om en pige, der bestemmer sig for at bes\u00f8ge sin afd\u00f8de morfar, selvom de fleste voksne nok vil synes, at den rejse er umulig.<br \/>\nDet er ogs\u00e5 en bog om at savne og m\u00e5ske om, at der ikke beh\u00f8ver at v\u00e6re s\u00e5 stor forskel p\u00e5 fantasi og virkelighed.<\/p>\n","protected":false},"featured_media":3335,"template":"","meta":[],"product_brand":[],"product_cat":[76],"product_tag":[],"class_list":{"0":"post-2708","1":"product","2":"type-product","3":"status-publish","4":"has-post-thumbnail","6":"product_cat-skoenlitteratur","8":"first","9":"instock","10":"taxable","11":"shipping-taxable","12":"purchasable","13":"product-type-simple"},"_links":{"self":[{"href":"https:\/\/meloni.dk\/index.php\/wp-json\/wp\/v2\/product\/2708","targetHints":{"allow":["GET"]}}],"collection":[{"href":"https:\/\/meloni.dk\/index.php\/wp-json\/wp\/v2\/product"}],"about":[{"href":"https:\/\/meloni.dk\/index.php\/wp-json\/wp\/v2\/types\/product"}],"wp:featuredmedia":[{"embeddable":true,"href":"https:\/\/meloni.dk\/index.php\/wp-json\/wp\/v2\/media\/3335"}],"wp:attachment":[{"href":"https:\/\/meloni.dk\/index.php\/wp-json\/wp\/v2\/media?parent=2708"}],"wp:term":[{"taxonomy":"product_brand","embeddable":true,"href":"https:\/\/meloni.dk\/index.php\/wp-json\/wp\/v2\/product_brand?post=2708"},{"taxonomy":"product_cat","embeddable":true,"href":"https:\/\/meloni.dk\/index.php\/wp-json\/wp\/v2\/product_cat?post=2708"},{"taxonomy":"product_tag","embeddable":true,"href":"https:\/\/meloni.dk\/index.php\/wp-json\/wp\/v2\/product_tag?post=2708"}],"curies":[{"name":"wp","href":"https:\/\/api.w.org\/{rel}","templated":true}]}}