{"id":2702,"date":"2022-09-28T10:47:44","date_gmt":"2022-09-28T10:47:44","guid":{"rendered":"http:\/\/meloni.dk\/index.php\/product\/donald-trump\/"},"modified":"2022-09-29T09:34:07","modified_gmt":"2022-09-29T09:34:07","slug":"donald-trump","status":"publish","type":"product","link":"https:\/\/meloni.dk\/index.php\/product\/donald-trump\/","title":{"rendered":"Donald Trump"},"content":{"rendered":"<p>Donald Trump er i alle henseender en kontroversiel og farverig personlighed, men f\u00e5 havde g\u00e6ttet, at han en dag ville bestride verdens mest magtfulde embede. Som forretningsmand og tv-stjerne blev han landskendt i USA, men ved pr\u00e6sidentvalget i 2016 viste han en overraskende evne til at s\u00e6tte ord p\u00e5 millioner af amerikaneres politiske dr\u00f8mme og forh\u00e5bninger. I denne bog pr\u00e6senteres Trumps livshistorie, fra barndom til Det Hvide Hus, og hvordan og hvorfor han bliver ved at med at begejstre og forarge det amerikanske folk.<\/p>\n","protected":false},"excerpt":{"rendered":"<p>Donald Trump er i alle henseender en kontroversiel og farverig personlighed, men f\u00e5 havde g\u00e6ttet, at han en dag ville bestride verdens mest magtfulde embede. Som forretningsmand og tv-stjerne blev han landskendt i USA, men ved pr\u00e6sidentvalget i 2016 viste han en overraskende evne til at s\u00e6tte ord p\u00e5 millioner af amerikaneres politiske dr\u00f8mme og forh\u00e5bninger. I denne bog pr\u00e6senteres Trumps livshistorie, fra barndom til Det Hvide Hus, og hvordan og hvorfor han bliver ved at med at begejstre og forarge det amerikanske folk.<\/p>\n","protected":false},"featured_media":2740,"template":"","meta":[],"product_brand":[],"product_cat":[25],"product_tag":[],"class_list":{"0":"post-2702","1":"product","2":"type-product","3":"status-publish","4":"has-post-thumbnail","6":"product_cat-faglig-laesning","8":"first","9":"instock","10":"taxable","11":"shipping-taxable","12":"purchasable","13":"product-type-simple"},"_links":{"self":[{"href":"https:\/\/meloni.dk\/index.php\/wp-json\/wp\/v2\/product\/2702","targetHints":{"allow":["GET"]}}],"collection":[{"href":"https:\/\/meloni.dk\/index.php\/wp-json\/wp\/v2\/product"}],"about":[{"href":"https:\/\/meloni.dk\/index.php\/wp-json\/wp\/v2\/types\/product"}],"wp:featuredmedia":[{"embeddable":true,"href":"https:\/\/meloni.dk\/index.php\/wp-json\/wp\/v2\/media\/2740"}],"wp:attachment":[{"href":"https:\/\/meloni.dk\/index.php\/wp-json\/wp\/v2\/media?parent=2702"}],"wp:term":[{"taxonomy":"product_brand","embeddable":true,"href":"https:\/\/meloni.dk\/index.php\/wp-json\/wp\/v2\/product_brand?post=2702"},{"taxonomy":"product_cat","embeddable":true,"href":"https:\/\/meloni.dk\/index.php\/wp-json\/wp\/v2\/product_cat?post=2702"},{"taxonomy":"product_tag","embeddable":true,"href":"https:\/\/meloni.dk\/index.php\/wp-json\/wp\/v2\/product_tag?post=2702"}],"curies":[{"name":"wp","href":"https:\/\/api.w.org\/{rel}","templated":true}]}}