{"id":2699,"date":"2022-09-28T10:47:43","date_gmt":"2022-09-28T10:47:43","guid":{"rendered":"http:\/\/meloni.dk\/index.php\/product\/kildehaefte-til-rusland-fra-tsar-til-putin\/"},"modified":"2022-12-13T12:13:34","modified_gmt":"2022-12-13T12:13:34","slug":"kildehaefte-til-rusland-fra-tsar-til-putin","status":"publish","type":"product","link":"https:\/\/meloni.dk\/index.php\/product\/kildehaefte-til-rusland-fra-tsar-til-putin\/","title":{"rendered":"Kildeh\u00e6fte til Rusland &#8211; fra tsar til Putin"},"content":{"rendered":"<p>Rusland har haft en omtumlet historie. Fra tsar-styre over en kommunistisk periode til det moderne Rusland, som er skabt af Jeltsin og Putin. Mange i Vesteuropa har sv\u00e6rt ved at forst\u00e5, hvor Rusland handler som det g\u00f8r. Hvorfor har Rusland annekteret Krim, hvorfor v\u00e6lger Rusland ofte en anden side i internationale konflikter end vi i vesten synes det skal. I bogen opridses Ruslands historie fra begyndelsen af 1900-tallet til i dag. Den giver et bud p\u00e5, hvad Rusland er og hvorfor det t\u00e6nker og handler som det g\u00f8r. I dette kildeh\u00e6fte gengives en r\u00e6kke af de kilder, der er centrale for forst\u00e5elsen af Ruslands historie og for arbejdet med *Rusland \u2013 fra tsar til Putin&#8217; i historieundervisningen.<\/p>\n","protected":false},"excerpt":{"rendered":"<p>Rusland har haft en omtumlet historie. Fra tsar-styre over en kommunistisk periode til det moderne Rusland, som er skabt af Jeltsin og Putin. Mange i Vesteuropa har sv\u00e6rt ved at forst\u00e5, hvor Rusland handler som det g\u00f8r. Hvorfor har Rusland annekteret Krim, hvorfor v\u00e6lger Rusland ofte en anden side i internationale konflikter end vi i vesten synes det skal. I bogen opridses Ruslands historie fra begyndelsen af 1900-tallet til i dag. Den giver et bud p\u00e5, hvad Rusland er og hvorfor det t\u00e6nker og handler som det g\u00f8r. I dette kildeh\u00e6fte gengives en r\u00e6kke af de kilder, der er centrale for forst\u00e5elsen af Ruslands historie og for arbejdet med \u0093Rusland &#8211; tsar til Putin\u0094 i historieundervisningen.<\/p>\n","protected":false},"featured_media":2912,"template":"","meta":[],"product_brand":[],"product_cat":[96],"product_tag":[],"class_list":{"0":"post-2699","1":"product","2":"type-product","3":"status-publish","4":"has-post-thumbnail","6":"product_cat-gymnasie","8":"first","9":"instock","10":"taxable","11":"shipping-taxable","12":"purchasable","13":"product-type-simple"},"_links":{"self":[{"href":"https:\/\/meloni.dk\/index.php\/wp-json\/wp\/v2\/product\/2699","targetHints":{"allow":["GET"]}}],"collection":[{"href":"https:\/\/meloni.dk\/index.php\/wp-json\/wp\/v2\/product"}],"about":[{"href":"https:\/\/meloni.dk\/index.php\/wp-json\/wp\/v2\/types\/product"}],"wp:featuredmedia":[{"embeddable":true,"href":"https:\/\/meloni.dk\/index.php\/wp-json\/wp\/v2\/media\/2912"}],"wp:attachment":[{"href":"https:\/\/meloni.dk\/index.php\/wp-json\/wp\/v2\/media?parent=2699"}],"wp:term":[{"taxonomy":"product_brand","embeddable":true,"href":"https:\/\/meloni.dk\/index.php\/wp-json\/wp\/v2\/product_brand?post=2699"},{"taxonomy":"product_cat","embeddable":true,"href":"https:\/\/meloni.dk\/index.php\/wp-json\/wp\/v2\/product_cat?post=2699"},{"taxonomy":"product_tag","embeddable":true,"href":"https:\/\/meloni.dk\/index.php\/wp-json\/wp\/v2\/product_tag?post=2699"}],"curies":[{"name":"wp","href":"https:\/\/api.w.org\/{rel}","templated":true}]}}