{"id":2695,"date":"2022-09-28T10:47:43","date_gmt":"2022-09-28T10:47:43","guid":{"rendered":"http:\/\/meloni.dk\/index.php\/product\/usas-praesident\/"},"modified":"2022-09-29T09:38:15","modified_gmt":"2022-09-29T09:38:15","slug":"usas-praesident","status":"publish","type":"product","link":"https:\/\/meloni.dk\/index.php\/product\/usas-praesident\/","title":{"rendered":"USA&#8217;s pr\u00e6sident"},"content":{"rendered":"<p>USA&#8217;s pr\u00e6sident er verdens mest magtfulde mand. I denne bog gennemg\u00e5s, hvilke pligter og bef\u00f8jelser, der f\u00f8lger med jobbet, hvordan han st\u00e5r stillet i forhold til H\u00f8jesteret og forholdet til Kongressen. Bogen &#8220;USA&#8217;s pr\u00e6sident &#8211; embedet og magten&#8221; er desuden krydret med anekdoter og historiske facts om tidligere betydende pr\u00e6sidenter.<\/p>\n","protected":false},"excerpt":{"rendered":"<p>USA&#8217;s pr\u00e6sident er verdens mest magtfulde mand. I denne bog gennemg\u00e5s, hvilke pligter og bef\u00f8jelser, der f\u00f8lger med jobbet, hvordan han st\u00e5r stillet i forhold til H\u00f8jesteret og forholdet til Kongressen. Bogen &#8220;USA&#8217;s pr\u00e6sident &#8211; embedet og magten&#8221; er desuden krydret med anekdoter og historiske facts om tidligere betydende pr\u00e6sidenter.<\/p>\n","protected":false},"featured_media":2742,"template":"","meta":[],"product_brand":[],"product_cat":[25],"product_tag":[],"class_list":{"0":"post-2695","1":"product","2":"type-product","3":"status-publish","4":"has-post-thumbnail","6":"product_cat-faglig-laesning","8":"first","9":"instock","10":"taxable","11":"shipping-taxable","12":"purchasable","13":"product-type-simple"},"_links":{"self":[{"href":"https:\/\/meloni.dk\/index.php\/wp-json\/wp\/v2\/product\/2695","targetHints":{"allow":["GET"]}}],"collection":[{"href":"https:\/\/meloni.dk\/index.php\/wp-json\/wp\/v2\/product"}],"about":[{"href":"https:\/\/meloni.dk\/index.php\/wp-json\/wp\/v2\/types\/product"}],"wp:featuredmedia":[{"embeddable":true,"href":"https:\/\/meloni.dk\/index.php\/wp-json\/wp\/v2\/media\/2742"}],"wp:attachment":[{"href":"https:\/\/meloni.dk\/index.php\/wp-json\/wp\/v2\/media?parent=2695"}],"wp:term":[{"taxonomy":"product_brand","embeddable":true,"href":"https:\/\/meloni.dk\/index.php\/wp-json\/wp\/v2\/product_brand?post=2695"},{"taxonomy":"product_cat","embeddable":true,"href":"https:\/\/meloni.dk\/index.php\/wp-json\/wp\/v2\/product_cat?post=2695"},{"taxonomy":"product_tag","embeddable":true,"href":"https:\/\/meloni.dk\/index.php\/wp-json\/wp\/v2\/product_tag?post=2695"}],"curies":[{"name":"wp","href":"https:\/\/api.w.org\/{rel}","templated":true}]}}