{"id":2689,"date":"2022-09-28T10:47:42","date_gmt":"2022-09-28T10:47:42","guid":{"rendered":"http:\/\/meloni.dk\/index.php\/product\/hils-fra-mig-derhjemme\/"},"modified":"2025-01-05T11:07:45","modified_gmt":"2025-01-05T11:07:45","slug":"hils-fra-mig-derhjemme","status":"publish","type":"product","link":"https:\/\/meloni.dk\/index.php\/product\/hils-fra-mig-derhjemme\/","title":{"rendered":"Hils fra mig derhjemme"},"content":{"rendered":"<p>I perioden 1820 til 1960 udvandrede 350.000 danskere til USA. Ikke to udvandringer eller udvandrere var ens. Alle havde de deres egen personlige grund til at lade Danmark og deres familier og venner bag sig. Det er disse personlige fort\u00e6llinger, som vi ser n\u00e6rmere p\u00e5 i denne bog. Lige fra k\u00e6rlighedstragedier, over ekstrem religi\u00f8sitet, fattigdom og h\u00e5b til eventyrlyst.<\/p>\n<p>Ens for dem alle var, at udvandringen til USA blev starten p\u00e5 et nyt liv.<\/p>\n","protected":false},"excerpt":{"rendered":"<p>I perioden 1820 til 1960 udvandrede 350.000 danskere til USA. Ikke to udvandringer eller udvandrere var ens. Alle havde de deres egen personlige grund til at lade Danmark og deres familier og venner bag sig. Det er disse personlige fort\u00e6llinger, som vi ser n\u00e6rmere p\u00e5 i denne bog. Lige fra k\u00e6rlighedstragedier, over ekstrem religi\u00f8sitet, fattigdom og h\u00e5b til eventyrlyst.<\/p>\n<p>Ens for dem alle var, at udvandringen til USA blev starten p\u00e5 et nyt liv.<\/p>\n","protected":false},"featured_media":3863,"template":"","meta":[],"product_brand":[],"product_cat":[94,75],"product_tag":[],"class_list":{"0":"post-2689","1":"product","2":"type-product","3":"status-publish","4":"has-post-thumbnail","6":"product_cat-historisk-bibliotek","7":"product_cat-tilbud","9":"first","10":"instock","11":"taxable","12":"shipping-taxable","13":"purchasable","14":"product-type-variable"},"_links":{"self":[{"href":"https:\/\/meloni.dk\/index.php\/wp-json\/wp\/v2\/product\/2689","targetHints":{"allow":["GET"]}}],"collection":[{"href":"https:\/\/meloni.dk\/index.php\/wp-json\/wp\/v2\/product"}],"about":[{"href":"https:\/\/meloni.dk\/index.php\/wp-json\/wp\/v2\/types\/product"}],"wp:featuredmedia":[{"embeddable":true,"href":"https:\/\/meloni.dk\/index.php\/wp-json\/wp\/v2\/media\/3863"}],"wp:attachment":[{"href":"https:\/\/meloni.dk\/index.php\/wp-json\/wp\/v2\/media?parent=2689"}],"wp:term":[{"taxonomy":"product_brand","embeddable":true,"href":"https:\/\/meloni.dk\/index.php\/wp-json\/wp\/v2\/product_brand?post=2689"},{"taxonomy":"product_cat","embeddable":true,"href":"https:\/\/meloni.dk\/index.php\/wp-json\/wp\/v2\/product_cat?post=2689"},{"taxonomy":"product_tag","embeddable":true,"href":"https:\/\/meloni.dk\/index.php\/wp-json\/wp\/v2\/product_tag?post=2689"}],"curies":[{"name":"wp","href":"https:\/\/api.w.org\/{rel}","templated":true}]}}