{"id":2686,"date":"2022-09-28T10:47:41","date_gmt":"2022-09-28T10:47:41","guid":{"rendered":"http:\/\/meloni.dk\/index.php\/product\/grundloven-demokrati-i-danmark\/"},"modified":"2025-01-05T11:10:41","modified_gmt":"2025-01-05T11:10:41","slug":"grundloven-demokrati-i-danmark","status":"publish","type":"product","link":"https:\/\/meloni.dk\/index.php\/product\/grundloven-demokrati-i-danmark\/","title":{"rendered":"Grundloven &#8211; Demokrati i Danmark"},"content":{"rendered":"<p>I 1849 underskrev kong Frederik den 7. Grundloven. Siden dengang har Grundloven v\u00e6ret rygraden i det danske demokrati.<br \/>\nVi har demokrati i Danmark, men s\u00e5dan har det ikke altid v\u00e6ret. Indtil 1849 bestemte kongen alt. Men i 1849 fik Danmark sin f\u00f8rste Grundlov. Forud var g\u00e5et en kamp for demokrati. En kamp der fortsatte efter Grundloven, da bl.a. kvinder ikke kunne stemme.<br \/>\nI Tjek p\u00e5 Historien kan du l\u00e6se om vigtige personer og begivenheder i b\u00e5de Danmark og andre lande.<br \/>\nDu kan l\u00e6se om, hvordan de var med til at forandre Danmark og Verden. I denne bog kan du l\u00e6se om Grundloven og dens betydning for det danske demokrati.<\/p>\n","protected":false},"excerpt":{"rendered":"<p>I 1849 underskrev kong Frederik den 7. Grundloven. Siden dengang har Grundloven v\u00e6ret rygraden i det danske demokrati.<br \/>\nVi har demokrati i Danmark, men s\u00e5dan har det ikke altid v\u00e6ret. Indtil 1849 bestemte kongen alt. Men i 1849 fik Danmark sin f\u00f8rste Grundlov. Forud var g\u00e5et en kamp for demokrati. En kamp der fortsatte efter Grundloven, da bl.a. kvinder ikke kunne stemme.<br \/>\nI Tjek p\u00e5 Historien kan du l\u00e6se om vigtige personer og begivenheder i b\u00e5de Danmark og andre lande.<br \/>\nDu kan l\u00e6se om, hvordan de var med til at forandre Danmark og Verden. I denne bog kan du l\u00e6se om Grundloven og dens betydning for det danske demokrati.<\/p>\n","protected":false},"featured_media":3330,"template":"","meta":[],"product_brand":[],"product_cat":[75,95],"product_tag":[],"class_list":{"0":"post-2686","1":"product","2":"type-product","3":"status-publish","4":"has-post-thumbnail","6":"product_cat-tilbud","7":"product_cat-tjek-paa-historien","9":"first","10":"instock","11":"taxable","12":"shipping-taxable","13":"purchasable","14":"product-type-variable"},"_links":{"self":[{"href":"https:\/\/meloni.dk\/index.php\/wp-json\/wp\/v2\/product\/2686","targetHints":{"allow":["GET"]}}],"collection":[{"href":"https:\/\/meloni.dk\/index.php\/wp-json\/wp\/v2\/product"}],"about":[{"href":"https:\/\/meloni.dk\/index.php\/wp-json\/wp\/v2\/types\/product"}],"wp:featuredmedia":[{"embeddable":true,"href":"https:\/\/meloni.dk\/index.php\/wp-json\/wp\/v2\/media\/3330"}],"wp:attachment":[{"href":"https:\/\/meloni.dk\/index.php\/wp-json\/wp\/v2\/media?parent=2686"}],"wp:term":[{"taxonomy":"product_brand","embeddable":true,"href":"https:\/\/meloni.dk\/index.php\/wp-json\/wp\/v2\/product_brand?post=2686"},{"taxonomy":"product_cat","embeddable":true,"href":"https:\/\/meloni.dk\/index.php\/wp-json\/wp\/v2\/product_cat?post=2686"},{"taxonomy":"product_tag","embeddable":true,"href":"https:\/\/meloni.dk\/index.php\/wp-json\/wp\/v2\/product_tag?post=2686"}],"curies":[{"name":"wp","href":"https:\/\/api.w.org\/{rel}","templated":true}]}}