{"id":2665,"date":"2022-09-28T10:47:36","date_gmt":"2022-09-28T10:47:36","guid":{"rendered":"http:\/\/meloni.dk\/index.php\/product\/usa\/"},"modified":"2025-01-05T11:13:35","modified_gmt":"2025-01-05T11:13:35","slug":"usa","status":"publish","type":"product","link":"https:\/\/meloni.dk\/index.php\/product\/usa\/","title":{"rendered":"USA"},"content":{"rendered":"<p>Du har helt sikkert h\u00f8rt om USA. Landet bliver n\u00e6sten altid n\u00e6vnt i nyhederne, og mange af de ting vi bruger i vores hverdag som fx computere og telefoner kommer fra USA. Men hvad er USA egentlig for et land? Hvad lever de af, hvilke sportgrene dyrker de og hvordan ser der ud i USA? Det er nogle af de sp\u00f8rgsm\u00e5l, som denne bog s\u00f8ger at besvare.<\/p>\n","protected":false},"excerpt":{"rendered":"<p>Du har helt sikkert h\u00f8rt om USA. Landet bliver n\u00e6sten altid n\u00e6vnt i nyhederne, og mange af de ting vi bruger i vores hverdag som fx computere og telefoner kommer fra USA. Men hvad er USA egentlig for et land? Hvad lever de af, hvilke sportgrene dyrker de og hvordan ser der ud i USA? Det er nogle af de sp\u00f8rgsm\u00e5l, som denne bog s\u00f8ger at besvare.<\/p>\n","protected":false},"featured_media":2746,"template":"","meta":[],"product_brand":[],"product_cat":[25,75],"product_tag":[],"class_list":{"0":"post-2665","1":"product","2":"type-product","3":"status-publish","4":"has-post-thumbnail","6":"product_cat-faglig-laesning","7":"product_cat-tilbud","9":"first","10":"instock","11":"taxable","12":"shipping-taxable","13":"purchasable","14":"product-type-variable"},"_links":{"self":[{"href":"https:\/\/meloni.dk\/index.php\/wp-json\/wp\/v2\/product\/2665","targetHints":{"allow":["GET"]}}],"collection":[{"href":"https:\/\/meloni.dk\/index.php\/wp-json\/wp\/v2\/product"}],"about":[{"href":"https:\/\/meloni.dk\/index.php\/wp-json\/wp\/v2\/types\/product"}],"wp:featuredmedia":[{"embeddable":true,"href":"https:\/\/meloni.dk\/index.php\/wp-json\/wp\/v2\/media\/2746"}],"wp:attachment":[{"href":"https:\/\/meloni.dk\/index.php\/wp-json\/wp\/v2\/media?parent=2665"}],"wp:term":[{"taxonomy":"product_brand","embeddable":true,"href":"https:\/\/meloni.dk\/index.php\/wp-json\/wp\/v2\/product_brand?post=2665"},{"taxonomy":"product_cat","embeddable":true,"href":"https:\/\/meloni.dk\/index.php\/wp-json\/wp\/v2\/product_cat?post=2665"},{"taxonomy":"product_tag","embeddable":true,"href":"https:\/\/meloni.dk\/index.php\/wp-json\/wp\/v2\/product_tag?post=2665"}],"curies":[{"name":"wp","href":"https:\/\/api.w.org\/{rel}","templated":true}]}}