{"id":2649,"date":"2022-09-28T10:47:33","date_gmt":"2022-09-28T10:47:33","guid":{"rendered":"http:\/\/meloni.dk\/index.php\/product\/skagensmalerne\/"},"modified":"2025-01-05T11:11:51","modified_gmt":"2025-01-05T11:11:51","slug":"skagensmalerne","status":"publish","type":"product","link":"https:\/\/meloni.dk\/index.php\/product\/skagensmalerne\/","title":{"rendered":"Skagensmalerne"},"content":{"rendered":"<p>Mon ikke du kender nogle af skagensmalernes fantas- tiske billeder med kvinder i lyse sommerkjoler foran et smukt bl\u00e5t hav? Eller billeder af barske fiskere og det h\u00e5rde liv til s\u00f8s?<br \/>\nSkagensmalerne var en gruppe kunstnere, der i slut- ningen af 1800-tallet samledes i Skagen om sommeren, n\u00e5r lyset var smukkest. Her malede de nogle af de fineste og kendteste malerier i Danmark.<br \/>\nI denne bog m\u00f8der du flere af disse kunstnere og h\u00f8rer om deres liv og hvorfor de tog til Skagen, som dengang l\u00e5 langt v\u00e6k og var meget isoleret fra resten af landet.<\/p>\n","protected":false},"excerpt":{"rendered":"<p>Mon ikke du kender nogle af skagensmalernes fantas- tiske billeder med kvinder i lyse sommerkjoler foran et smukt bl\u00e5t hav? Eller billeder af barske fiskere og det h\u00e5rde liv til s\u00f8s?<br \/>\nSkagensmalerne var en gruppe kunstnere, der i slut- ningen af 1800-tallet samledes i Skagen om sommeren, n\u00e5r lyset var smukkest. Her malede de nogle af de fineste og kendteste malerier i Danmark.<br \/>\nI denne bog m\u00f8der du flere af disse kunstnere og h\u00f8rer om deres liv og hvorfor de tog til Skagen, som dengang l\u00e5 langt v\u00e6k og var meget isoleret fra resten af landet.<\/p>\n","protected":false},"featured_media":3887,"template":"","meta":[],"product_brand":[],"product_cat":[21,75],"product_tag":[],"class_list":{"0":"post-2649","1":"product","2":"type-product","3":"status-publish","4":"has-post-thumbnail","6":"product_cat-billedkunst","7":"product_cat-tilbud","9":"first","10":"instock","11":"taxable","12":"shipping-taxable","13":"purchasable","14":"product-type-variable"},"_links":{"self":[{"href":"https:\/\/meloni.dk\/index.php\/wp-json\/wp\/v2\/product\/2649","targetHints":{"allow":["GET"]}}],"collection":[{"href":"https:\/\/meloni.dk\/index.php\/wp-json\/wp\/v2\/product"}],"about":[{"href":"https:\/\/meloni.dk\/index.php\/wp-json\/wp\/v2\/types\/product"}],"wp:featuredmedia":[{"embeddable":true,"href":"https:\/\/meloni.dk\/index.php\/wp-json\/wp\/v2\/media\/3887"}],"wp:attachment":[{"href":"https:\/\/meloni.dk\/index.php\/wp-json\/wp\/v2\/media?parent=2649"}],"wp:term":[{"taxonomy":"product_brand","embeddable":true,"href":"https:\/\/meloni.dk\/index.php\/wp-json\/wp\/v2\/product_brand?post=2649"},{"taxonomy":"product_cat","embeddable":true,"href":"https:\/\/meloni.dk\/index.php\/wp-json\/wp\/v2\/product_cat?post=2649"},{"taxonomy":"product_tag","embeddable":true,"href":"https:\/\/meloni.dk\/index.php\/wp-json\/wp\/v2\/product_tag?post=2649"}],"curies":[{"name":"wp","href":"https:\/\/api.w.org\/{rel}","templated":true}]}}