{"id":2645,"date":"2022-09-28T10:47:31","date_gmt":"2022-09-28T10:47:31","guid":{"rendered":"http:\/\/meloni.dk\/index.php\/product\/filt-dig-klog\/"},"modified":"2023-12-19T10:39:22","modified_gmt":"2023-12-19T10:39:22","slug":"filt-dig-klog","status":"publish","type":"product","link":"https:\/\/meloni.dk\/index.php\/product\/filt-dig-klog\/","title":{"rendered":"Filt dig klog"},"content":{"rendered":"<p>I en tid, hvor teknologi fylder mere og mere i b\u00f8rns og voksnes hverdag, og hvor hjemlige, kreative sysler med materialer og v\u00e6rkt\u00f8j f\u00e5r mindre tid, kommer her et bud fra et par erfarne h\u00e5nd- v\u00e6rksfolk p\u00e5, hvordan h\u00e5ndv\u00e6rk og design kan underst\u00f8tte og samarbejde med andre fag og fagligheder.<br \/>\nMette og Ulla har filtet og undervist i filtning i mange \u00e5r. B\u00f8rn<br \/>\nog gamle. Unge mennesker fra hele verden. L\u00e6rerstuderende, skoleelever og vuggestueb\u00f8rn. Demensramte, psykisk &#8211; og fysisk handicappede. Erfarne filtere og begyndere. De har oplevet, at alle kan l\u00e6re at filte, og at alle, der filter, kan finde deres egen indgang til h\u00e5ndv\u00e6rket.<br \/>\nI denne bog giver de en grundl\u00e6ggende og grundig indf\u00f8ring i h\u00e5ndv\u00e6rket filtning samt en r\u00e6kke bud p\u00e5, hvorledes det filtede kan formes, farves og dekoreres.<br \/>\nTil underviseren reflekteres der over de mange muligheder, der er, for at integrere faget h\u00e5ndv\u00e6rk og design, og is\u00e6r filtning, i skolens andre fag, og de giver en r\u00e6kke forslag til forl\u00f8b, der s\u00e6tter elevernes almene kompetencer i spil.<\/p>\n","protected":false},"excerpt":{"rendered":"<p>I en tid, hvor teknologi fylder mere og mere i b\u00f8rns og voksnes hverdag, og hvor hjemlige, kreative sysler med materialer og v\u00e6rkt\u00f8j f\u00e5r mindre tid, kommer her et bud fra et par erfarne h\u00e5nd- v\u00e6rksfolk p\u00e5, hvordan h\u00e5ndv\u00e6rk og design kan underst\u00f8tte og samarbejde med andre fag og fagligheder.<br \/>\nMette og Ulla har filtet og undervist i filtning i mange \u00e5r. B\u00f8rn<br \/>\nog gamle. Unge mennesker fra hele verden. L\u00e6rerstuderende, skoleelever og vuggestueb\u00f8rn. Demensramte, psykisk &#8211; og fysisk handicappede. Erfarne filtere og begyndere. De har oplevet, at alle kan l\u00e6re at filte, og at alle, der filter, kan finde deres egen indgang til h\u00e5ndv\u00e6rket.<br \/>\nI denne bog giver de en grundl\u00e6ggende og grundig indf\u00f8ring i h\u00e5ndv\u00e6rket filtning samt en r\u00e6kke bud p\u00e5, hvorledes det filtede kan formes, farves og dekoreres.<br \/>\nTil underviseren reflekteres der over de mange muligheder, der er, for at integrere faget h\u00e5ndv\u00e6rk og design, og is\u00e6r filtning, i skolens andre fag, og de giver en r\u00e6kke forslag til forl\u00f8b, der s\u00e6tter elevernes almene kompetencer i spil.<\/p>\n","protected":false},"featured_media":3373,"template":"","meta":[],"product_brand":[],"product_cat":[22],"product_tag":[],"class_list":{"0":"post-2645","1":"product","2":"type-product","3":"status-publish","4":"has-post-thumbnail","6":"product_cat-haandvaerk-og-design","8":"first","9":"instock","10":"taxable","11":"shipping-taxable","12":"purchasable","13":"product-type-simple"},"_links":{"self":[{"href":"https:\/\/meloni.dk\/index.php\/wp-json\/wp\/v2\/product\/2645","targetHints":{"allow":["GET"]}}],"collection":[{"href":"https:\/\/meloni.dk\/index.php\/wp-json\/wp\/v2\/product"}],"about":[{"href":"https:\/\/meloni.dk\/index.php\/wp-json\/wp\/v2\/types\/product"}],"wp:featuredmedia":[{"embeddable":true,"href":"https:\/\/meloni.dk\/index.php\/wp-json\/wp\/v2\/media\/3373"}],"wp:attachment":[{"href":"https:\/\/meloni.dk\/index.php\/wp-json\/wp\/v2\/media?parent=2645"}],"wp:term":[{"taxonomy":"product_brand","embeddable":true,"href":"https:\/\/meloni.dk\/index.php\/wp-json\/wp\/v2\/product_brand?post=2645"},{"taxonomy":"product_cat","embeddable":true,"href":"https:\/\/meloni.dk\/index.php\/wp-json\/wp\/v2\/product_cat?post=2645"},{"taxonomy":"product_tag","embeddable":true,"href":"https:\/\/meloni.dk\/index.php\/wp-json\/wp\/v2\/product_tag?post=2645"}],"curies":[{"name":"wp","href":"https:\/\/api.w.org\/{rel}","templated":true}]}}