{"id":2638,"date":"2022-09-28T10:47:30","date_gmt":"2022-09-28T10:47:30","guid":{"rendered":"http:\/\/meloni.dk\/index.php\/product\/caravaggio\/"},"modified":"2024-11-25T10:07:38","modified_gmt":"2024-11-25T10:07:38","slug":"caravaggio","status":"publish","type":"product","link":"https:\/\/meloni.dk\/index.php\/product\/caravaggio\/","title":{"rendered":"Caravaggio"},"content":{"rendered":"<p>Caravaggio er en af kunsthistoriens mestre, og hans kunst er elsket af mange. Han skabte en helt ny stil, hvor lys og skygge blev en dramatisk medspiller. Han skildrede verden, som han s\u00e5 den og brugte helt almindelige men- nesker som modeller for p\u00e5 den m\u00e5de at g\u00f8re de religi\u00f8se fort\u00e6llinger h\u00e5ndgribelige og n\u00e6rv\u00e6rende for beskueren. Det var der mange af samtidens kritikere, der ikke kunne lide, og han blev beskyldt for at mangle fantasi. Caravag- gio havde et heftigt temperament og kom ofte p\u00e5 kant med loven. Han m\u00e5tte derfor flygte adskillige gange og bos\u00e6tte sig nye steder. Alle de steder han kom, efterlod han sig store mesterv\u00e6rker, som vi kan beundre i dag.<\/p>\n","protected":false},"excerpt":{"rendered":"<p>Caravaggio er en af kunsthistoriens mestre, og hans kunst er elsket af mange. Han skabte en helt ny stil, hvor lys og skygge blev en dramatisk medspiller. Han skildrede verden, som han s\u00e5 den og brugte helt almindelige men- nesker som modeller for p\u00e5 den m\u00e5de at g\u00f8re de religi\u00f8se fort\u00e6llinger h\u00e5ndgribelige og n\u00e6rv\u00e6rende for beskueren. Det var der mange af samtidens kritikere, der ikke kunne lide, og han blev beskyldt for at mangle fantasi. Caravag- gio havde et heftigt temperament og kom ofte p\u00e5 kant med loven. Han m\u00e5tte derfor flygte adskillige gange og bos\u00e6tte sig nye steder. Alle de steder han kom, efterlod han sig store mesterv\u00e6rker, som vi kan beundre i dag.<\/p>\n","protected":false},"featured_media":3904,"template":"","meta":[],"product_brand":[],"product_cat":[21],"product_tag":[],"class_list":{"0":"post-2638","1":"product","2":"type-product","3":"status-publish","4":"has-post-thumbnail","6":"product_cat-billedkunst","8":"first","9":"instock","10":"taxable","11":"shipping-taxable","12":"purchasable","13":"product-type-simple"},"_links":{"self":[{"href":"https:\/\/meloni.dk\/index.php\/wp-json\/wp\/v2\/product\/2638","targetHints":{"allow":["GET"]}}],"collection":[{"href":"https:\/\/meloni.dk\/index.php\/wp-json\/wp\/v2\/product"}],"about":[{"href":"https:\/\/meloni.dk\/index.php\/wp-json\/wp\/v2\/types\/product"}],"wp:featuredmedia":[{"embeddable":true,"href":"https:\/\/meloni.dk\/index.php\/wp-json\/wp\/v2\/media\/3904"}],"wp:attachment":[{"href":"https:\/\/meloni.dk\/index.php\/wp-json\/wp\/v2\/media?parent=2638"}],"wp:term":[{"taxonomy":"product_brand","embeddable":true,"href":"https:\/\/meloni.dk\/index.php\/wp-json\/wp\/v2\/product_brand?post=2638"},{"taxonomy":"product_cat","embeddable":true,"href":"https:\/\/meloni.dk\/index.php\/wp-json\/wp\/v2\/product_cat?post=2638"},{"taxonomy":"product_tag","embeddable":true,"href":"https:\/\/meloni.dk\/index.php\/wp-json\/wp\/v2\/product_tag?post=2638"}],"curies":[{"name":"wp","href":"https:\/\/api.w.org\/{rel}","templated":true}]}}