{"id":2631,"date":"2022-09-28T10:47:28","date_gmt":"2022-09-28T10:47:28","guid":{"rendered":"http:\/\/meloni.dk\/index.php\/product\/tyge-brahe\/"},"modified":"2025-01-05T11:09:47","modified_gmt":"2025-01-05T11:09:47","slug":"tyge-brahe","status":"publish","type":"product","link":"https:\/\/meloni.dk\/index.php\/product\/tyge-brahe\/","title":{"rendered":"Tyge Brahe"},"content":{"rendered":"<p>I denne bog kan du l\u00e6se om Tyge Brahe og den betydning, hans arbejde har f\u00e5et for vore dages viden om stjernerne og det ydre rum.<\/p>\n<p>Tyge Brahe levede for over 400 \u00e5r siden p\u00e5 samme tid som kong Christian den 4. \u2013 ham der blandt andet byggede Rundet\u00e5rn. De m\u00f8dte da ogs\u00e5 hinanden, men skiltes som uvenner. Tyge Brahe blev i det hele taget tit vred p\u00e5 andre mennesker. Han var ogs\u00e5 ofte uheldig. Fx fik han sin n\u00e6se hugget af i en f\u00e6gtekamp.<\/p>\n<p>Har du derfor en rigtig uheldig dag, kalder vi den i dag for en rigtig Tyge-Brahe-dag.<\/p>\n","protected":false},"excerpt":{"rendered":"<p>I denne bog kan du l\u00e6se om Tyge Brahe og den betydning, hans arbejde har f\u00e5et for vore dages viden om stjernerne og det ydre rum.<\/p>\n<p>Tyge Brahe levede for over 400 \u00e5r siden p\u00e5 samme tid som kong Christian den 4. \u2013 ham der blandt andet byggede Rundet\u00e5rn. De m\u00f8dte da ogs\u00e5 hinanden, men skiltes som uvenner. Tyge Brahe blev i det hele taget tit vred p\u00e5 andre mennesker. Han var ogs\u00e5 ofte uheldig. Fx fik han sin n\u00e6se hugget af i en f\u00e6gtekamp.<\/p>\n<p>Har du derfor en rigtig uheldig dag, kalder vi den i dag for en rigtig Tyge-Brahe-dag.<\/p>\n","protected":false},"featured_media":3896,"template":"","meta":[],"product_brand":[],"product_cat":[75,95],"product_tag":[],"class_list":{"0":"post-2631","1":"product","2":"type-product","3":"status-publish","4":"has-post-thumbnail","6":"product_cat-tilbud","7":"product_cat-tjek-paa-historien","9":"first","10":"instock","11":"taxable","12":"shipping-taxable","13":"purchasable","14":"product-type-variable"},"_links":{"self":[{"href":"https:\/\/meloni.dk\/index.php\/wp-json\/wp\/v2\/product\/2631","targetHints":{"allow":["GET"]}}],"collection":[{"href":"https:\/\/meloni.dk\/index.php\/wp-json\/wp\/v2\/product"}],"about":[{"href":"https:\/\/meloni.dk\/index.php\/wp-json\/wp\/v2\/types\/product"}],"wp:featuredmedia":[{"embeddable":true,"href":"https:\/\/meloni.dk\/index.php\/wp-json\/wp\/v2\/media\/3896"}],"wp:attachment":[{"href":"https:\/\/meloni.dk\/index.php\/wp-json\/wp\/v2\/media?parent=2631"}],"wp:term":[{"taxonomy":"product_brand","embeddable":true,"href":"https:\/\/meloni.dk\/index.php\/wp-json\/wp\/v2\/product_brand?post=2631"},{"taxonomy":"product_cat","embeddable":true,"href":"https:\/\/meloni.dk\/index.php\/wp-json\/wp\/v2\/product_cat?post=2631"},{"taxonomy":"product_tag","embeddable":true,"href":"https:\/\/meloni.dk\/index.php\/wp-json\/wp\/v2\/product_tag?post=2631"}],"curies":[{"name":"wp","href":"https:\/\/api.w.org\/{rel}","templated":true}]}}