{"id":2629,"date":"2022-09-28T10:47:28","date_gmt":"2022-09-28T10:47:28","guid":{"rendered":"http:\/\/meloni.dk\/index.php\/product\/kristendommen\/"},"modified":"2025-01-05T11:14:24","modified_gmt":"2025-01-05T11:14:24","slug":"kristendommen","status":"publish","type":"product","link":"https:\/\/meloni.dk\/index.php\/product\/kristendommen\/","title":{"rendered":"Kristendommen"},"content":{"rendered":"<p>Kristendommen er verdens st\u00f8rste religion. Der er mere end 2 milliarder kristne fordelt over hele verden.<\/p>\n<p>I denne bog kan du blive mega klog p\u00e5 kristendommen. Du kan bl.a. l\u00e6se om, hvad kristendommen er, kristne h\u00f8jtider og hvem Martin Luther var.<\/p>\n","protected":false},"excerpt":{"rendered":"<p>Kristendommen er verdens st\u00f8rste religion. Der er mere end 2 milliarder kristne fordelt over hele verden.<\/p>\n<p>I denne bog kan du blive mega klog p\u00e5 kristendommen. Du kan bl.a. l\u00e6se om, hvad kristendommen er, kristne h\u00f8jtider og hvem Martin Luther var.<\/p>\n","protected":false},"featured_media":3893,"template":"","meta":[],"product_brand":[],"product_cat":[25,75],"product_tag":[],"class_list":{"0":"post-2629","1":"product","2":"type-product","3":"status-publish","4":"has-post-thumbnail","6":"product_cat-faglig-laesning","7":"product_cat-tilbud","9":"first","10":"instock","11":"taxable","12":"shipping-taxable","13":"purchasable","14":"product-type-variable"},"_links":{"self":[{"href":"https:\/\/meloni.dk\/index.php\/wp-json\/wp\/v2\/product\/2629","targetHints":{"allow":["GET"]}}],"collection":[{"href":"https:\/\/meloni.dk\/index.php\/wp-json\/wp\/v2\/product"}],"about":[{"href":"https:\/\/meloni.dk\/index.php\/wp-json\/wp\/v2\/types\/product"}],"wp:featuredmedia":[{"embeddable":true,"href":"https:\/\/meloni.dk\/index.php\/wp-json\/wp\/v2\/media\/3893"}],"wp:attachment":[{"href":"https:\/\/meloni.dk\/index.php\/wp-json\/wp\/v2\/media?parent=2629"}],"wp:term":[{"taxonomy":"product_brand","embeddable":true,"href":"https:\/\/meloni.dk\/index.php\/wp-json\/wp\/v2\/product_brand?post=2629"},{"taxonomy":"product_cat","embeddable":true,"href":"https:\/\/meloni.dk\/index.php\/wp-json\/wp\/v2\/product_cat?post=2629"},{"taxonomy":"product_tag","embeddable":true,"href":"https:\/\/meloni.dk\/index.php\/wp-json\/wp\/v2\/product_tag?post=2629"}],"curies":[{"name":"wp","href":"https:\/\/api.w.org\/{rel}","templated":true}]}}