{"id":2626,"date":"2022-09-28T10:47:27","date_gmt":"2022-09-28T10:47:27","guid":{"rendered":"http:\/\/meloni.dk\/index.php\/product\/verdens-stoerste-fodboldklubber\/"},"modified":"2024-11-25T11:39:39","modified_gmt":"2024-11-25T11:39:39","slug":"verdens-stoerste-fodboldklubber","status":"publish","type":"product","link":"https:\/\/meloni.dk\/index.php\/product\/verdens-stoerste-fodboldklubber\/","title":{"rendered":"Verdens st\u00f8rste fodboldklubber"},"content":{"rendered":"<p>Fodbold er verdens mest popul\u00e6re sportsgren. Der spilles fodbold over hele kloden, og der er tusindvis af fodboldklubber rundt omkring fra de mindste landsbyklubber til millionbyernes klubber. Nogle af klubberne har v\u00e6ret mere succesfulde end andre og vundet mange trof\u00e6er. Nogle<br \/>\naf dem kan du l\u00e6se om i denne bog. Her f\u00e5r du en kort introduktion til deres historie, deres bedste spillere og deres stadion. Vidste du fx at en af verdens st\u00f8rste klubber oprindeligt var en roklub? Eller at en af dem er blevet grundlagt to gange? Eller at&#8230; N\u00e5r du har l\u00e6st denne bog er du blevet meget klogere p\u00e5 nogle af verdens st\u00f8rste klubber.<\/p>\n","protected":false},"excerpt":{"rendered":"<p>Fodbold er verdens mest popul\u00e6re sportsgren. Der spilles fodbold over hele kloden, og der er tusindvis af fodboldklubber rundt omkring fra de mindste landsbyklubber til millionbyernes klubber. Nogle af klubberne har v\u00e6ret mere succesfulde end andre og vundet mange trof\u00e6er. Nogle<br \/>\naf dem kan du l\u00e6se om i denne bog. Her f\u00e5r du en kort introduktion til deres historie, deres bedste spillere og deres stadion. Vidste du fx at en af verdens st\u00f8rste klubber oprindeligt var en roklub? Eller at en af dem er blevet grundlagt to gange? Eller at&#8230; N\u00e5r du har l\u00e6st denne bog er du blevet meget klogere p\u00e5 nogle af verdens st\u00f8rste klubber.<\/p>\n","protected":false},"featured_media":3918,"template":"","meta":[],"product_brand":[],"product_cat":[25],"product_tag":[],"class_list":{"0":"post-2626","1":"product","2":"type-product","3":"status-publish","4":"has-post-thumbnail","6":"product_cat-faglig-laesning","8":"first","9":"instock","10":"taxable","11":"shipping-taxable","12":"purchasable","13":"product-type-simple"},"_links":{"self":[{"href":"https:\/\/meloni.dk\/index.php\/wp-json\/wp\/v2\/product\/2626","targetHints":{"allow":["GET"]}}],"collection":[{"href":"https:\/\/meloni.dk\/index.php\/wp-json\/wp\/v2\/product"}],"about":[{"href":"https:\/\/meloni.dk\/index.php\/wp-json\/wp\/v2\/types\/product"}],"wp:featuredmedia":[{"embeddable":true,"href":"https:\/\/meloni.dk\/index.php\/wp-json\/wp\/v2\/media\/3918"}],"wp:attachment":[{"href":"https:\/\/meloni.dk\/index.php\/wp-json\/wp\/v2\/media?parent=2626"}],"wp:term":[{"taxonomy":"product_brand","embeddable":true,"href":"https:\/\/meloni.dk\/index.php\/wp-json\/wp\/v2\/product_brand?post=2626"},{"taxonomy":"product_cat","embeddable":true,"href":"https:\/\/meloni.dk\/index.php\/wp-json\/wp\/v2\/product_cat?post=2626"},{"taxonomy":"product_tag","embeddable":true,"href":"https:\/\/meloni.dk\/index.php\/wp-json\/wp\/v2\/product_tag?post=2626"}],"curies":[{"name":"wp","href":"https:\/\/api.w.org\/{rel}","templated":true}]}}