{"id":2596,"date":"2022-09-28T10:47:21","date_gmt":"2022-09-28T10:47:21","guid":{"rendered":"http:\/\/meloni.dk\/index.php\/product\/kvinders-valgret\/"},"modified":"2025-01-05T11:08:32","modified_gmt":"2025-01-05T11:08:32","slug":"kvinders-valgret","status":"publish","type":"product","link":"https:\/\/meloni.dk\/index.php\/product\/kvinders-valgret\/","title":{"rendered":"Kvinders valgret"},"content":{"rendered":"<p>Den 20 april 1908 blev en demokratisk milep\u00e6l plantet i dansk politik. Efter over 20 \u00e5rs f\u00f8lelsesladet diskussion blev det vedtaget ved lov, at kvinder kunne stemme til de kommunale r\u00e5d. \u00c5ret efter blev 127 kvinder stemt ind ved valget den 12. marts. Det var en banebrydende \u00e6ndring i dansk demokrati, der \u00e5bnede op for vedtagelsen af den almindelige valgret til Folketinget i 1915.<br \/>\nF\u00f8r 1908 var det kun en begr\u00e6nset del af befolkningen, der kunne stemme. Det var m\u00e6nd over 25 \u00e5r med egen husstand, som havde fast bop\u00e6l i kommunen og som betalte skat. Det var derfor ikke kun kvinderne, der var udelukkede, men ogs\u00e5 tjenestefolk og fattige.<br \/>\nKvinder h\u00f8rte til i hjemmet, mente man, og valgret ville i v\u00e6rste fald skabe strid mellem mand og kone. Men tiderne var skiftet ude i den store verden, og langsomt n\u00e5ede disse forandringer ogs\u00e5 til Danmark.<\/p>\n","protected":false},"excerpt":{"rendered":"<p>Den 20 april 1908 blev en demokratisk milep\u00e6l plantet i dansk politik. Efter over 20 \u00e5rs f\u00f8lelsesladet diskussion blev det vedtaget ved lov, at kvinder kunne stemme til de kommunale r\u00e5d. \u00c5ret efter blev 127 kvinder stemt ind ved valget den 12. marts. Det var en banebrydende \u00e6ndring i dansk demokrati, der \u00e5bnede op for vedtagelsen af den almindelige valgret til Folketinget i 1915.<br \/>\nF\u00f8r 1908 var det kun en begr\u00e6nset del af befolkningen, der kunne stemme. Det var m\u00e6nd over 25 \u00e5r med egen husstand, som havde fast bop\u00e6l i kommunen og som betalte skat. Det var derfor ikke kun kvinderne, der var udelukkede, men ogs\u00e5 tjenestefolk og fattige.<br \/>\nKvinder h\u00f8rte til i hjemmet, mente man, og valgret ville i v\u00e6rste fald skabe strid mellem mand og kone. Men tiderne var skiftet ude i den store verden, og langsomt n\u00e5ede disse forandringer ogs\u00e5 til Danmark.<\/p>\n","protected":false},"featured_media":3377,"template":"","meta":[],"product_brand":[],"product_cat":[94,75],"product_tag":[],"class_list":{"0":"post-2596","1":"product","2":"type-product","3":"status-publish","4":"has-post-thumbnail","6":"product_cat-historisk-bibliotek","7":"product_cat-tilbud","9":"first","10":"instock","11":"taxable","12":"shipping-taxable","13":"purchasable","14":"product-type-variable","15":"has-default-attributes"},"_links":{"self":[{"href":"https:\/\/meloni.dk\/index.php\/wp-json\/wp\/v2\/product\/2596","targetHints":{"allow":["GET"]}}],"collection":[{"href":"https:\/\/meloni.dk\/index.php\/wp-json\/wp\/v2\/product"}],"about":[{"href":"https:\/\/meloni.dk\/index.php\/wp-json\/wp\/v2\/types\/product"}],"wp:featuredmedia":[{"embeddable":true,"href":"https:\/\/meloni.dk\/index.php\/wp-json\/wp\/v2\/media\/3377"}],"wp:attachment":[{"href":"https:\/\/meloni.dk\/index.php\/wp-json\/wp\/v2\/media?parent=2596"}],"wp:term":[{"taxonomy":"product_brand","embeddable":true,"href":"https:\/\/meloni.dk\/index.php\/wp-json\/wp\/v2\/product_brand?post=2596"},{"taxonomy":"product_cat","embeddable":true,"href":"https:\/\/meloni.dk\/index.php\/wp-json\/wp\/v2\/product_cat?post=2596"},{"taxonomy":"product_tag","embeddable":true,"href":"https:\/\/meloni.dk\/index.php\/wp-json\/wp\/v2\/product_tag?post=2596"}],"curies":[{"name":"wp","href":"https:\/\/api.w.org\/{rel}","templated":true}]}}