{"id":2569,"date":"2022-09-28T10:47:15","date_gmt":"2022-09-28T10:47:15","guid":{"rendered":"http:\/\/meloni.dk\/index.php\/product\/danmarks-tropekolonier\/"},"modified":"2023-12-20T12:55:06","modified_gmt":"2023-12-20T12:55:06","slug":"danmarks-tropekolonier","status":"publish","type":"product","link":"https:\/\/meloni.dk\/index.php\/product\/danmarks-tropekolonier\/","title":{"rendered":"Danmarks Tropekolonier"},"content":{"rendered":"<p>Den 29. november 1618 lettede Ove Gjeddes skibe anker og satte kursen mod Indien. Forude ventede en flere m\u00e5neder lang rejse mod det ukendte. Det var ogs\u00e5 begyndelsen p\u00e5 det danske kolonieventyr i troperne. Et eventyr, der bet\u00f8d Dannebrog vejrede over danske besiddelser i Asien, Afrika og Amerika, og som sluttede da det danske flag blev str\u00f8get den 31. marts 1917 i Charlotte Amalie p\u00e5 Skt. Thomas. En ceremoni, der overgav Dansk Vestindien til USA, og afsluttede Danmarks tilstedev\u00e6relse som koloniherre i troperne.<\/p>\n","protected":false},"excerpt":{"rendered":"<p>Den 29. november 1618 lettede Ove Gjeddes skibe anker og satte kursen mod Indien. Forude ventede en flere m\u00e5neder lang rejse mod det ukendte. Det var ogs\u00e5 begyndelsen p\u00e5 det danske kolonieventyr i troperne. Et eventyr, der bet\u00f8d Dannebrog vejrede over danske besiddelser i Asien, Afrika og Amerika, og som sluttede da det danske flag blev str\u00f8get den 31. marts 1917 i Charlotte Amalie p\u00e5 Skt. Thomas. En ceremoni, der overgav Dansk Vestindien til USA, og afsluttede Danmarks tilstedev\u00e6relse som koloniherre i troperne.<\/p>\n","protected":false},"featured_media":3380,"template":"","meta":[],"product_brand":[],"product_cat":[94],"product_tag":[],"class_list":{"0":"post-2569","1":"product","2":"type-product","3":"status-publish","4":"has-post-thumbnail","6":"product_cat-historisk-bibliotek","8":"first","9":"instock","10":"taxable","11":"shipping-taxable","12":"purchasable","13":"product-type-simple"},"_links":{"self":[{"href":"https:\/\/meloni.dk\/index.php\/wp-json\/wp\/v2\/product\/2569","targetHints":{"allow":["GET"]}}],"collection":[{"href":"https:\/\/meloni.dk\/index.php\/wp-json\/wp\/v2\/product"}],"about":[{"href":"https:\/\/meloni.dk\/index.php\/wp-json\/wp\/v2\/types\/product"}],"wp:featuredmedia":[{"embeddable":true,"href":"https:\/\/meloni.dk\/index.php\/wp-json\/wp\/v2\/media\/3380"}],"wp:attachment":[{"href":"https:\/\/meloni.dk\/index.php\/wp-json\/wp\/v2\/media?parent=2569"}],"wp:term":[{"taxonomy":"product_brand","embeddable":true,"href":"https:\/\/meloni.dk\/index.php\/wp-json\/wp\/v2\/product_brand?post=2569"},{"taxonomy":"product_cat","embeddable":true,"href":"https:\/\/meloni.dk\/index.php\/wp-json\/wp\/v2\/product_cat?post=2569"},{"taxonomy":"product_tag","embeddable":true,"href":"https:\/\/meloni.dk\/index.php\/wp-json\/wp\/v2\/product_tag?post=2569"}],"curies":[{"name":"wp","href":"https:\/\/api.w.org\/{rel}","templated":true}]}}