{"id":2567,"date":"2022-09-28T10:47:14","date_gmt":"2022-09-28T10:47:14","guid":{"rendered":"http:\/\/meloni.dk\/index.php\/product\/indblik-og-udsyn-4-klasse-elevbog\/"},"modified":"2024-11-25T12:34:30","modified_gmt":"2024-11-25T12:34:30","slug":"indblik-og-udsyn-4-klasse-elevbog","status":"publish","type":"product","link":"https:\/\/meloni.dk\/index.php\/product\/indblik-og-udsyn-4-klasse-elevbog\/","title":{"rendered":"Indblik og udsyn &#8211; 4. klasse &#8211; Elevbog"},"content":{"rendered":"<div class=\"page\" title=\"Page 1\">\n<div class=\"section\">\n<div class=\"layoutArea\">\n<div class=\"column\">\n<p>I denne bog kan du l\u00e6se om, hvordan man boede og levede for mange a\u030ar siden. Hvorna\u030ar havde man demokrati i Athen?<br \/>\nHvem var kejser Augustus?<br \/>\nEr det rigtigt, at det var vikingerne, der opdagede Amerika?<\/p>\n<p>Alt dette, og meget mere, ved du, na\u030ar du har l\u00e6st denne bog.<\/p>\n<p><strong>Indhold i historie for 4. klasse:<\/strong><br \/>\nDet antikke Gr\u00e6kenland \u00b7 Romerriget \u00b7 Vikingetid \u00b7 Middelalder<\/p>\n<\/div>\n<\/div>\n<\/div>\n<\/div>\n","protected":false},"excerpt":{"rendered":"<p>Emner i 4. klasses bogen er: Det antikke Gr\u00e6kenland, Romerriget, Vikingetid og Middelalder. Elev-bogen er opbygget opslagsm\u00e6ssigt og med v\u00e6gten lagt p\u00e5 en kronologisk gennemgang af emnerne Der er lagt v\u00e6gt p\u00e5, at alle eleverne skal have, ikke blot en tekstm\u00e6ssig oplevelse, men ogs\u00e5 en visuel. Opslagene kan l\u00e6ses hver for sig, men opbygningen af bogen sikrer, at eleverne f\u00e5r en forst\u00e5else for historiens udvikling og sammenh\u00e6ngsforst\u00e5else.<\/p>\n","protected":false},"featured_media":3936,"template":"","meta":[],"product_brand":[],"product_cat":[93],"product_tag":[],"class_list":{"0":"post-2567","1":"product","2":"type-product","3":"status-publish","4":"has-post-thumbnail","6":"product_cat-indblik-og-udsyn","8":"first","9":"instock","10":"taxable","11":"shipping-taxable","12":"purchasable","13":"product-type-simple"},"_links":{"self":[{"href":"https:\/\/meloni.dk\/index.php\/wp-json\/wp\/v2\/product\/2567","targetHints":{"allow":["GET"]}}],"collection":[{"href":"https:\/\/meloni.dk\/index.php\/wp-json\/wp\/v2\/product"}],"about":[{"href":"https:\/\/meloni.dk\/index.php\/wp-json\/wp\/v2\/types\/product"}],"wp:featuredmedia":[{"embeddable":true,"href":"https:\/\/meloni.dk\/index.php\/wp-json\/wp\/v2\/media\/3936"}],"wp:attachment":[{"href":"https:\/\/meloni.dk\/index.php\/wp-json\/wp\/v2\/media?parent=2567"}],"wp:term":[{"taxonomy":"product_brand","embeddable":true,"href":"https:\/\/meloni.dk\/index.php\/wp-json\/wp\/v2\/product_brand?post=2567"},{"taxonomy":"product_cat","embeddable":true,"href":"https:\/\/meloni.dk\/index.php\/wp-json\/wp\/v2\/product_cat?post=2567"},{"taxonomy":"product_tag","embeddable":true,"href":"https:\/\/meloni.dk\/index.php\/wp-json\/wp\/v2\/product_tag?post=2567"}],"curies":[{"name":"wp","href":"https:\/\/api.w.org\/{rel}","templated":true}]}}