{"id":1191,"date":"2022-03-18T07:51:32","date_gmt":"2022-03-18T07:51:32","guid":{"rendered":"http:\/\/meloni.dk\/?post_type=product&#038;p=1191"},"modified":"2022-04-08T07:10:11","modified_gmt":"2022-04-08T07:10:11","slug":"billedkunst-haandbog-til-valgfag-og-proeve","status":"publish","type":"product","link":"https:\/\/meloni.dk\/index.php\/product\/billedkunst-haandbog-til-valgfag-og-proeve\/","title":{"rendered":"Billedkunst &#8211; h\u00e5ndbog til valgfag og pr\u00f8ve"},"content":{"rendered":"<p>H\u00e5ndbog til valgfag og pr\u00f8ve er henvendt til l\u00e6reren, der underviser i billedkunst som valgfag, og som skal f\u00f8re eleverne til den afsluttende pr\u00f8ve i faget. Det er vores \u00f8nske med denne bog at bidrage til, at valgfaget udvikles i et didaktisk perspektiv, som afspejler den verden, eleverne f\u00e6rdes i. Bogens f\u00f8rste del omhandler de didaktiske elementer, som undervisningen kan tage afs\u00e6t i, og de faglige overvejelser, der kan tone undervisningsforl\u00f8b i billedkunst. Derudover er der en r\u00e6kke konkrete undervisningsforl\u00f8b, der eksemplificerer, hvordan forskellige udtryksformer kommer i spil i billedprojekterne med udgangspunkt i relevante temaer. Bogens anden del omhandler almenp\u00e6dagogiske aspekter i forhold til pr\u00f8ven i billedkunst og de faktorer, man som l\u00e6rer skal forholde sig til, n\u00e5r man skal have elever til pr\u00f8ve i faget. Der er desuden konkrete eksempler p\u00e5 pr\u00f8veopl\u00e6g og gode id\u00e9er til organisering af pr\u00f8ven.<\/p>\n","protected":false},"excerpt":{"rendered":"<p>H\u00e5ndbog til valgfag og pr\u00f8ve er henvendt til l\u00e6reren, der underviser i billedkunst som valgfag, og som skal f\u00f8re eleverne til den afsluttende pr\u00f8ve i faget. Det er vores \u00f8nske med denne bog at bidrage til, at valgfaget udvikles i et didaktisk perspektiv, som afspejler den verden, eleverne f\u00e6rdes i. Bogens f\u00f8rste del omhandler de &hellip; <\/p>\n","protected":false},"featured_media":1318,"template":"","meta":[],"product_brand":[],"product_cat":[21,70,83],"product_tag":[],"class_list":{"0":"post-1191","1":"product","2":"type-product","3":"status-publish","4":"has-post-thumbnail","6":"product_cat-billedkunst","7":"product_cat-de-nye-valgfag","8":"product_cat-fokus","10":"first","11":"instock","12":"taxable","13":"shipping-taxable","14":"purchasable","15":"product-type-simple"},"_links":{"self":[{"href":"https:\/\/meloni.dk\/index.php\/wp-json\/wp\/v2\/product\/1191","targetHints":{"allow":["GET"]}}],"collection":[{"href":"https:\/\/meloni.dk\/index.php\/wp-json\/wp\/v2\/product"}],"about":[{"href":"https:\/\/meloni.dk\/index.php\/wp-json\/wp\/v2\/types\/product"}],"wp:featuredmedia":[{"embeddable":true,"href":"https:\/\/meloni.dk\/index.php\/wp-json\/wp\/v2\/media\/1318"}],"wp:attachment":[{"href":"https:\/\/meloni.dk\/index.php\/wp-json\/wp\/v2\/media?parent=1191"}],"wp:term":[{"taxonomy":"product_brand","embeddable":true,"href":"https:\/\/meloni.dk\/index.php\/wp-json\/wp\/v2\/product_brand?post=1191"},{"taxonomy":"product_cat","embeddable":true,"href":"https:\/\/meloni.dk\/index.php\/wp-json\/wp\/v2\/product_cat?post=1191"},{"taxonomy":"product_tag","embeddable":true,"href":"https:\/\/meloni.dk\/index.php\/wp-json\/wp\/v2\/product_tag?post=1191"}],"curies":[{"name":"wp","href":"https:\/\/api.w.org\/{rel}","templated":true}]}}

Billedkunst &#8211; håndbog til valgfag og prøve

<p>Håndbog til valgfag og prøve er henvendt til læreren, der underviser i billedkunst som valgfag, og som skal føre eleverne til den afsluttende prøve i faget. Det er vores ønske med denne bog at bidrage til, at valgfaget udvikles i et didaktisk perspektiv, som afspejler den verden, eleverne færdes i. Bogens første del omhandler de didaktiske elementer, som undervisningen kan tage afsæt i, og de faglige overvejelser, der kan tone undervisningsforløb i billedkunst. Derudover er der en række konkrete undervisningsforløb, der eksemplificerer, hvordan forskellige udtryksformer kommer i spil i billedprojekterne med udgangspunkt i relevante temaer. Bogens anden del omhandler almenpædagogiske aspekter i forhold til prøven i billedkunst og de faktorer, man som lærer skal forholde sig til, når man skal have elever til prøve i faget. Der er desuden konkrete eksempler på prøveoplæg og gode idéer til organisering af prøven.</p>

<p>Håndbog til valgfag og prøve er henvendt til læreren, der underviser i billedkunst som valgfag, og som skal føre eleverne til den afsluttende prøve i faget. Det er vores ønske med denne bog at bidrage til, at valgfaget udvikles i et didaktisk perspektiv, som afspejler den verden, eleverne færdes i. Bogens første del omhandler de &hellip; </p>
